by 117.
28
What is the remainder when 2440 is divided by 270?
10
What is the remainder when 3287 is divided by 44?
31
What is the remainder when 12762 is divided by 12735?
27
What is the remainder when 16378 is divided by 105?
103
Calculate the remainder when 125439 is divided by 34.
13
What is the remainder when 141765 is divided by 870?
825
Calculate the remainder when 118123 is divided by 189.
187
Calculate the remainder when 10198 is divided by 198.
100
What is the remainder when 238567 is divided by 5680?
7
Calculate the remainder when 1559 is divided by 253.
41
What is the remainder when 1644 is divided by 257?
102
What is the remainder when 29599 is divided by 2073?
577
What is the remainder when 13421 is divided by 274?
269
Calculate the remainder when 8029 is divided by 73.
72
Calculate the remainder when 259015 is divided by 456.
7
Calculate the remainder when 9626 is divided by 953.
96
Calculate the remainder when 3722 is divided by 71.
30
Calculate the remainder when 867 is divided by 448.
419
Calculate the remainder when 40319 is divided by 44.
15
Calculate the remainder when 41832 is divided by 6.
0
What is the remainder when 85045 is divided by 6?
1
What is the remainder when 161094 is divided by 7004?
2
What is the remainder when 105414 is divided by 221?
218
What is the remainder when 1246 is divided by 206?
10
What is the remainder when 46008 is divided by 21?
18
Calculate the remainder when 14349 is divided by 1594.
3
What is the remainder when 80908 is divided by 59?
19
Calculate the remainder when 87628 is divided by 701.
3
Calculate the remainder when 21558 is divided by 301.
187
Calculate the remainder when 113818 is divided by 7112.
26
Calculate the remainder when 1113 is divided by 509.
95
What is the remainder when 153060 is divided by 189?
159
Calculate the remainder when 10892 is divided by 518.
14
Calculate the remainder when 8704 is divided by 787.
47
Calculate the remainder when 6006 is divided by 500.
6
Calculate the remainder when 381977 is divided by 276.
269
What is the remainder when 379315 is divided by 86?
55
What is the remainder when 45589 is divided by 661?
641
What is the remainder when 1409 is divided by 1311?
98
What is the remainder when 136278 is divided by 40?
38
Calculate the remainder when 10010 is divided by 346.
322
Calculate the remainder when 29181 is divided by 72.
21
Calculate the remainder when 12386 is divided by 38.
36
Calculate the remainder when 8041 is divided by 1841.
677
Calculate the remainder when 12833 is divided by 1283.
3
Calculate the remainder when 67954 is divided by 84.
82
Calculate the remainder when 1234 is divided by 356.
166
Calculate the remainder when 474 is divided by 130.
84
What is the remainder when 11756 is divided by 357?
332
Calculate the remainder when 5108 is divided by 1683.
59
Calculate the remainder when 8246 is divided by 24.
14
What is the remainder when 36873 is divided by 152?
89
What is the remainder when 5695 is divided by 44?
19
What is the remainder when 130 is divided by 71?
59
Calculate the remainder when 189864 is divided by 13.
12
What is the remainder when 892 is divided by 259?
115
Calculate the remainder when 37299 is divided by 12421.
36
Calculate the remainder when 18544 is divided by 33.
31
Calculate the remainder when 4536 is divided by 3611.
925
What is the remainder when 29375 is divided by 9791?
2
What is the remainder when 40831 is divided by 1570?
11
What is the remainder when 954 is divided by 338?
278
What is the remainder when 15319 is divided by 1076?
255
Calculate the remainder when 65980 is divided by 78.
70
What is the remainder when 683591 is divided by 42?
41
Calculate the remainder when 184549 is divided by 61503.
40
Calculate the remainder when 48845 is divided by 23.
16
Calculate the remainder when 21128 is divided by 729.
716
What is the remainder when 14435 is divided by 119?
36
What is the remainder when 26301 is divided by 165?
66
Calculate the remainder when 18443 is divided by 439.
5
Calculate the remainder when 1181053 is divided by 168721.
6
What is the remainder when 3828 is divided by 816?
564
Calculate the remainder when 378 is divided by 8.
2
What is the remainder when 232011 is divided by 11?
10
What is the remainder when 9327 is divided by 112?
31
What is the remainder when 1875297 is divided by 1425?
1422
Calculate the remainder when 2286 is divided by 2283.
3
Calculate the remainder when 55389 is divided by 13846.
5
Calculate the remainder when 895990 is divided by 45.
40
What is the remainder when 773015 is divided by 257661?
32
What is the remainder when 772724 is divided by 47?
44
What is the remainder when 141370 is divided by 51?
49
What is the remainder when 4660 is divided by 8?
4
What is the remainder when 7658 is divided by 1641?
1094
What is the remainder when 665660 is divided by 41603?
12
What is the remainder when 7165 is divided by 396?
37
What is the remainder when 409795 is divided by 50?
45
What is the remainder when 1216 is divided by 471?
274
Calculate the remainder when 3687 is divided by 334.
13
What is the remainder when 14419 is divided by 61?
23
Calculate the remainder when 4114 is divided by 112.
82
What is the remainder when 3087 is divided by 3073?
14
Calculate the remainder when 592824 is divided by 403.
11
What is the remainder when 64266 is divided by 10709?
12
Calculate the remainder when 29177 is divided by 595.
22
Calculate the remainder when 4159 is divided by 302.
233
What is the remainder when 2933 is divided by 795?
548
What is the remainder when 48493 is divided by 258?
247
Calculate the remainder when 53849 is divided by 26905.
39
Calculate the remainder when 3850 is divided by 1608.
634
What is the remainder when 6374 is divided by 123?
101
What is the remainder when 87691 is divided by 336?
331
Calculate the remainder when 33947 is divided by 9.
8
What is the remainder when 2476 is divided by 300?
76
Calculate the remainder when 19561 is divided by 75.
61
Calculate the remainder when 76018 is divided by 105.
103
What is the remainder when 11400 is divided by 715?
675
What is the remainder when 470 is divided by 126?
92
Calculate the remainder when 31117 is divided by 20.
17
What is the remainder when 2989954 is divided by 691?
688
What is the remainder when 650383 is divided by 2098?
3
Calculate the remainder when 26090 is divided by 13036.
18
Calculate the remainder when 36513 is divided by 12156.
45
What is the remainder when 156438 is divided by 335?
328
What is the remainder when 291 is divided by 140?
11
What is the remainder when 135202 is divided by 19313?
11
What is the remainder when 13331 is divided by 96?
83
What is the remainder when 139592 is divided by 118?
116
What is the remainder when 742 is divided by 216?
94
What is the remainder when 153719 is divided by 4521?
5
What is the remainder when 3152 is divided by 1042?
26
What is the remainder when 12850 is divided by 139?
62
Calculate the remainder when 331963 is divided by 262.
9
Calculate the remainder when 61937 is divided by 33.
29
What is the remainder when 170168 is divided by 11?
9
Calculate the remainder when 2938 is divided by 1166.
606
What is the remainder when 35517 is divided by 17749?
19
Calculate the remainder when 4154 is divided by 694.
684
Calculate the remainder when 578279 is divided by 395.
394
Calculate the remainder when 47667 is divided by 5.
2
What is the remainder when 30597 is divided by 13?
8
What is the remainder when 1437 is divided by 877?
560
Calculate the remainder when 1009 is divided by 184.
89
Calculate the remainder when 10180 is divided by 1271.
12
Calculate the remainder when 80926 is divided by 352.
318
What is the remainder when 1429870 is divided by 29?
25
What is the remainder when 2736 is divided by 8?
0
What is the remainder when 9955 is divided by 1652?
43
What is the remainder when 1074 is divided by 502?
70
What is the remainder when 16920 is divided by 2819?
6
What is the remainder when 10790 is divided by 742?
402
Calculate the remainder when 654366 is divided by 375.
366
What is the remainder when 258477 is divided by 51693?
12
What is the remainder when 10075 is divided by 10059?
16
Calculate the remainder when 248032 is divided by 37.
21
What